ns digit of 170838120?
0
What is the tens digit of 3414618674?
7
What is the hundreds digit of 187057006?
0
What is the millions digit of 708848513?
8
What is the hundred thousands digit of 42184208?
1
What is the tens digit of 667036713?
1
What is the millions digit of 11248971?
1
What is the ten millions digit of 63618613?
6
What is the hundreds digit of 859289389?
3
What is the hundreds digit of 121231381?
3
What is the units digit of 6678732?
2
What is the ten millions digit of 18679882?
1
What is the ten thousands digit of 43951060?
5
What is the millions digit of 133022027?
3
What is the units digit of 83099963?
3
What is the hundreds digit of 248827468?
4
What is the tens digit of 39552666?
6
What is the units digit of 62720614?
4
What is the hundreds digit of 149626795?
7
What is the tens digit of 657940324?
2
What is the thousands digit of 1825929863?
9
What is the ten thousands digit of 13874083?
7
What is the ten thousands digit of 183327815?
2
What is the ten thousands digit of 251791415?
9
What is the tens digit of 1029733168?
6
What is the ten thousands digit of 48617272?
1
What is the ten millions digit of 217477571?
1
What is the hundred thousands digit of 1064106896?
1
What is the ten millions digit of 54942428?
5
What is the thousands digit of 79631684?
1
What is the thousands digit of 157172305?
2
What is the millions digit of 14736898?
4
What is the tens digit of 1481205766?
6
What is the tens digit of 100100089?
8
What is the hundred millions digit of 3156153415?
1
What is the units digit of 530383325?
5
What is the thousands digit of 297517004?
7
What is the millions digit of 75916455?
5
What is the tens digit of 163641636?
3
What is the ten millions digit of 155342289?
5
What is the tens digit of 66763079?
7
What is the hundreds digit of 80746854?
8
What is the units digit of 1080484?
4
What is the hundred thousands digit of 1648269194?
2
What is the ten thousands digit of 14870225?
7
What is the millions digit of 3500272647?
0
What is the billions digit of 2845209589?
2
What is the hundreds digit of 831000959?
9
What is the millions digit of 531642991?
1
What is the thousands digit of 884544245?
4
What is the thousands digit of 203535782?
5
What is the thousands digit of 3474773444?
3
What is the ten thousands digit of 3118508116?
0
What is the units digit of 32945423?
3
What is the millions digit of 2619679417?
9
What is the hundred thousands digit of 178137614?
1
What is the hundred thousands digit of 13858483?
8
What is the millions digit of 45329737?
5
What is the ten thousands digit of 10781342?
8
What is the ten thousands digit of 1598344349?
4
What is the thousands digit of 84881255?
1
What is the hundreds digit of 1603078790?
7
What is the hundreds digit of 49796345?
3
What is the billions digit of 2542467670?
2
What is the tens digit of 1212164515?
1
What is the units digit of 708888408?
8
What is the hundred thousands digit of 41529627?
5
What is the hundreds digit of 128443051?
0
What is the ten millions digit of 19361463?
1
What is the units digit of 27060290?
0
What is the millions digit of 10647796?
0
What is the hundreds digit of 761998732?
7
What is the tens digit of 267782152?
5
What is the units digit of 785101470?
0
What is the tens digit of 79625569?
6
What is the tens digit of 85644233?
3
What is the hundred thousands digit of 38298485?
2
What is the tens digit of 675663655?
5
What is the millions digit of 3640682769?
0
What is the hundreds digit of 121408935?
9
What is the hundred thousands digit of 289869384?
8
What is the millions digit of 809561145?
9
What is the ten thousands digit of 46817730?
1
What is the ten millions digit of 46953975?
4
What is the ten millions digit of 190621957?
9
What is the hundred millions digit of 121664704?
1
What is the ten thousands digit of 170446806?
4
What is the millions digit of 842854449?
2
What is the tens digit of 33300334?
3
What is the ten millions digit of 6281121119?
8
What is the ten thousands digit of 1585055205?
5
What is the units digit of 1607680222?
2
What is the hundred millions digit of 107076403?
1
What is the hundred thousands digit of 2876292521?
2
What is the thousands digit of 6594774506?
4
What is the ten millions digit of 3313762311?
1
What is the billions digit of 7053801388?
7
What is the tens digit of 13098868?
6
What is the millions digit of 2687545303?
7
What is the ten thousands digit of 6404875?
0
What is the hundreds digit of 103552911?
9
What is the millions digit of 613389836?
3
What is the thousands digit of 276803798?
3
What is the hundreds digit of 216937226?
2
What is the ten thousands digit of 165849202?
4
What is the millions digit of 229966615?
9
What is the ten millions digit of 153742670?
5
What is the tens digit of 111146776?
7
What is the hundred millions digit of 1899104117?
8
What is the ten thousands digit of 96473668?
7
What is the units digit of 819455153?
3
What is the hundreds digit of 1686162222?
2
What is the ten millions digit of 43945554?
4
What is the billions digit of 1991182953?
1
What is the hundreds digit of 13483059?
0
What is the ten millions digit of 20451078?
2
What is the hundred thousands digit of 233266620?
2
What is the units digit of 33586973?
3
What is the hundreds digit of 113079030?
0
What is the hundreds digit of 59383740?
7
What is the hundred thousands digit of 75729593?
7
What is the hundreds digit of 159918732?
7
What is the hundred thousands digit of 1396318998?
3
What is the ten thousands digit of 1022098286?
9
What is the millions digit of 816082042?
6
What is the ten thousands digit of 78936384?
3
What is the ten thousands digit of 1187038551?
3
What is the hundred millions digit of 3486397962?
4
What is the ten millions digit of 315488189?
1
What is the tens digit of 9745091?
9
What is the thousands digit of 34248967?
8
What is the tens digit of 10980635?
3
What is the ten thousands digit of 512699120?
9
What is the thousands digit of 1573438249?
8
What is the ten thousands digit of 3547085?
4
What is the units digit of 50371952?
2
What is the hundred thousands digit of 444400928?
4
What is the tens digit of 2097802004?
0
What is the hundred thousands digit of 276758567?
7
What is the ten millions digit of 226978750?
2
What is the hundreds digit of 58215031?
0
What is the millions digit of 285680674?
5
What is the tens digit of 425064848?
4
What is the units digit of 164936104?
4
What is the ten thousands digit of 769228574?
2
What is the ten thousands digit of 1061585515?
8
What is the millions digit of 31504654?
1
What is the hundred millions digit of 135030111?
1
What is the ten thousands digit of 416410083?
1
What is the millions digit of 3699623848?
9
What is the hundreds digit of 111278160?
1
What is the ten millions digit of 48372772?
4
What is the thousands digit of 28925722?
5
What is the ten thousands digit of 489039439?
3
What is the millions digit of 6145180?
6
What is the hundred millions digit of 3385443120?
3
What is the thousands digit of 245060847?
0
What is the ten thousands digit of 25414142?
1
What is the ten millions digit of 1301389754?
0
What is the hundreds digit of 418902499?
4
What is the tens digit of 241221661?
6
What is the hundred thousands digit of 93711263?
7
What is the tens digit of 1803525147?
4
What is the ten thousands digit of 86941608?
4
What is the hundreds digit of 52610009?
0
What is the millions digit of 12388447?
2
What is the ten millions digit of 81636902?
8
What is the ten thousands digit of 135416500?
1
What is the hundreds digit of 1027394768?
7
What is the millions digit of 200241686?
0
What is the ten thousands digit of 103837383?
3
What is the ten thousands digit of 41298516?
9
What is the units digit of 60037806?
6
What is the billions digit of 1356508782?
1
What is the thousands digit of 38654280?
4
What is the hundreds digit of 1464771435?
4
What is the thousands digit of 66692612?
2
What is the hundreds digit of 34642063?
0
What is the millions digit of 7232474270?
2
What is the units digit of 39703638?
8
What is the hundred thousands digit of 514587421?
5
What is the hundred thousands digit of 60983553?
9
What is the thousands digit of 193559565?
9
What is the thousands digit of 1344801644?
1
What is the hundreds digit